340 - -33?
-4303
In base 6, what is 0 - -423?
423
In base 16, what is 1392 - -3?
1395
In base 8, what is 1525 - -4?
1531
In base 6, what is 5425 - -3?
5432
In base 14, what is -1 - 6b4?
-6b5
In base 15, what is b1 + d?
be
In base 13, what is 34 + 284?
2b8
In base 15, what is -37 + 4?
-33
In base 10, what is -2 - -999?
997
In base 15, what is 18e0 + 2?
18e2
In base 14, what is -1 - -74?
73
In base 12, what is 95 - -49?
122
In base 15, what is -3 + -1?
-4
In base 12, what is 4 + -5?
-1
In base 3, what is -11 - -21112?
21101
In base 15, what is 3 - 31e?
-31b
In base 2, what is 10110110011 + -10?
10110110001
In base 5, what is -43211 - -14?
-43142
In base 15, what is 1a - -28c?
2a7
In base 5, what is -1413 - -12?
-1401
In base 15, what is 3 - -25?
28
In base 2, what is -11001 + -111111?
-1011000
In base 12, what is -2 - 56?
-58
In base 12, what is -1608 + 3?
-1605
In base 8, what is 1 + 1446?
1447
In base 4, what is -30 + 200?
110
In base 11, what is 5 - 9a0?
-996
In base 4, what is -32020 + -1?
-32021
In base 14, what is 18 + d?
27
In base 14, what is -1 + 1b7?
1b6
In base 15, what is -7a0 + 7?
-798
In base 9, what is 63 + 0?
63
In base 8, what is -11 - -12?
1
In base 16, what is 7a8 - -2?
7aa
In base 3, what is 12001 - 12?
11212
In base 16, what is -1 - -ce?
cd
In base 13, what is -192 + -3?
-195
In base 9, what is -2 + -233?
-235
In base 2, what is 100111001111 - 101?
100111001010
In base 2, what is -100 + -10001?
-10101
In base 9, what is -148 - -20?
-128
In base 4, what is 102 + 101023?
101131
In base 9, what is 1551 + 5?
1556
In base 15, what is -2715 - -2?
-2713
In base 5, what is 10122 + -4?
10113
In base 11, what is 830 + -5?
826
In base 6, what is -2 - -12214?
12212
In base 14, what is 4 - -5?
9
In base 13, what is -2a75 + -1?
-2a76
In base 12, what is -21a - -22?
-1b8
In base 13, what is 33c4 - 3?
33c1
In base 14, what is -1197 - 1?
-1198
In base 9, what is 34 + 73?
117
In base 9, what is 105 + 206?
312
In base 10, what is 4 - -1528?
1532
In base 2, what is 10000 - 11100000?
-11010000
In base 11, what is -681 + 0?
-681
In base 15, what is -136 - -1?
-135
In base 15, what is a98 + -5?
a93
In base 14, what is -8 - -915?
90b
In base 10, what is -4 - -97?
93
In base 16, what is -19 - -16f?
156
In base 10, what is 187 + -5?
182
In base 4, what is -2 + 111?
103
In base 3, what is 10 - 2120?
-2110
In base 6, what is 0 - 25?
-25
In base 10, what is 4 - -166?
170
In base 8, what is -2060 - -4?
-2054
In base 9, what is 3 + 261?
264
In base 2, what is -100010110 - -100?
-100010010
In base 6, what is -13 - -313?
300
In base 8, what is 52 - 56?
-4
In base 3, what is -112220212 - 0?
-112220212
In base 7, what is 115 + -2?
113
In base 12, what is 5 - 55?
-50
In base 11, what is 94 - 6?
89
In base 2, what is -100 + -10111001?
-10111101
In base 15, what is -b4 + 5?
-ae
In base 7, what is -4 - -550?
543
In base 5, what is -314203 - 1?
-314204
In base 7, what is 1565 - 3?
1562
In base 9, what is 20 - 25?
-5
In base 5, what is 4 - 12023?
-12014
In base 3, what is 100212 - -2?
100221
In base 15, what is 2 + -41?
-3e
In base 9, what is 4 - -100?
104
In base 16, what is -3 + -f9?
-fc
In base 16, what is 1b6 + 0?
1b6
In base 2, what is 101 - -111101001?
111101110
In base 15, what is 1 - -36?
37
In base 11, what is 11a - -2?
121
In base 6, what is 0 + 43?
43
In base 7, what is 11 + 55?
66
In base 9, what is 6 + 3?
10
In base 5, what is -1004 - 2?
-1011
In base 9, what is 15 + 6?
22
In base 8, what is 1 + -173?
-172
In base 12, what is -58 + -11?
-69
In base 7, what is -13445 - 0?
-13445
In base 6, what is -241 - 5?
-250
In base 10, what is 56 - -115?
171
In base 3, what is 1011221 + 11?
1012002
In base 7, what is -14143 - -3?
-14140
In base 7, what is 10124 - 0?
10124
In base 16, what is 7 - -a1?
a8
In base 16, what is 3f + -3?
3c
In base 15, what is -2 - -6?
4
In base 7, what is 22 + 213?
235
In base 3, what is -221101 + -10?
-221111
In base 13, what is -9b7 + 5?
-9b2
In base 5, what is -142 - -232?
40
In base 7, what is -36235 + -2?
-36240
In base 12, what is -10 + -5?
-15
In base 15, what is 7 - -e7?
ee
In base 15, what is -44 + 3?
-41
In base 13, what is 4 - 59?
-55
In base 16, what is 3 - -1ff?
202
In base 15, what is -481 - c?
-48d
In base 13, what is 1 - 43?
-42
In base 14, what is 1a8 + 2?
1aa
In base 9, what is 5 + -3314?
-3308
In base 7, what is 10 + 54?
64
In base 9, what is -282 - -3?
-278
In base 4, what is 320211 - 10?
320201
In base 16, what is -1d + cd?
b0
In base 15, what is 98b + 5?
991
In base 13, what is 4 + -123?
-11c
In base 6, what is 3 - -50?
53
In base 5, what is 1201 - -10?
1211
In base 3, what is -1 - 21122?
-21200
In base 9, what is -8 + 15?
6
In base 10, what is -528 + 5?
-523
In base 2, what is -110011 - 1000?
-111011
In base 4, what is 2112 + 12?
2130
In base 9, what is 2 + 36?
38
In base 14, what is -1d4 - 1?
-1d5
In base 14, what is 7 + 9a6?
9ad
In base 9, what is -34 - 61?
-105
In base 3, what is 1000220210 - 2?
1000220201
In base 16, what is 1 - -1d?
1e
In base 8, what is -65 + 145?
60
In base 14, what is -5 - 93?
-98
In base 4, what is -21321 + 0?
-21321
In base 2, what is -110001011110101 - 100?
-110001011111001
In base 3, what is 10 - 200111?
-200101
In base 2, what is 100 - 11110001?
-11101101
In base 12, what is 1a - -4?
22
In base 9, what is -46 - 4?
-51
In base 11, what is 143 - 2?
141
In base 3, what is -111220 - 11?
-112001
In base 6, what is 5 - 44?
-35
In base 9, what is -688 + -5?
-704
In base 7, what is -2 + 23?
21
In base 15, what is 225 + 5?
22a
In base 15, what is -126 + 4?
-122
In base 4, what is 3 + -1032?
-1023
In base 11, what is 1a - -a?
29
In base 4, what is 10 - -1013?
1023
In base 15, what is 5 - -76?
7b
In base 3, what is -100 - 20?
-120
In base 2, what is -110000011111001 - -100?
-110000011110101
In base 5, what is -101 - 20?
-121
In base 5, what is -122 - -133?
11
In base 11, what is -880 - 6?
-886
In base 16, what is 12 + 1e9?
1fb
In base 4, what is -1 + -310333?
-311000
In base 12, what is 169 + -35?
134
In base 8, what is -531 + -40?
-571
In base 12, what is 2 - 520?
-51a
In base 8, what is -61 - 14?
-75
In base 15, what is -3 - 9c7?
-9ca
In base 11, what is 346 - -5?
350
In base 7, what is 2041 + 2?
2043
In base 7, what is 30 - 2?
25
In base 4, what is 1200 + 11031?
12231
In base 14, what is -2 + -31?
-33
In base 8, what is -4 + 57?
53
In base 8, what is -30 + 0?
-30
In base 4, what is -32000 - -10?
-31330
In base 4, what is 10 + 102220?
102230
In base 12, what is 4 + 2480?
2484
In base 12, what is -8 - -43?
37
In base 9, what is 8 + 11?
20
In base 5, what is 44301 - -3?
44304
In base 16, what is -5 + 22?
1d
In base 4, what is -10 + 2220?
2210
In base 9, what is 4 - -10?
14
In base 14, what is -1 + -61?
-62
In base 5, what is 10 + -124?
-114
In base 8, what is 7 + 47?
56
In base 14, what is -b - -2c?
21
In base 11, what is 86 - 5?
81
In base 5, what is -101423 + -2?
-101430
In base 3, what is -102 + 110010?
102201
In base 16, what is -28a - 1?
-28b
In base 15, what is -4 - 2d4?
-2d8
In base 10, what is 1000 - -6?
1006
In base 14, what is d + 31?
40
In base 11, what is -7 - a2?
-a9
In base 5, what is 1113 + -10?
1103
In base 6, what is 1443 + 50?
1533
In base 3, what is -111 - 10002?
-10120
In base 8, what is -452 + 3?
-447
In base 16, what is 13 - -12?
25
In base 10, what is 3935 - 2?
3933
In base 11, what is 178 - -9?
186
In base 8, what is -54 + -7?
-63
In base 14, what is -2b0d + 2?
-2b0b
In base 14, what is -2 - -2a?
28
In base 10, what is 225 - -1?
226
In base 9, what is 2 - 244?
-242
In base 13, what is -1 - -1a?
19
In base 12, what is -4 - b5?
-b9
In base 8, what is -5551 + -11?
-5562
In base 9, what is 3 + 174?
177
In base 13, what is -1 - 159?
-15a
In base 13, what is 90 - -3?
93
In base 6, what is 15 - -231?
250
In base 5, what is 20 - -120?
140
In base 15, what is 10 + 170?
180
In base 9, what is 6 - 3?
3
In base 7, what is 152 + 4?
156
In base 13, what is 1378 - -3?
137b
In base 10, what is -2254 - -5?
-2249
In base 14, what is -52 - -3?
-4d
In base 15, what is -4 + -34?
-38
In base 13, what is -2a + -1b9?
-216
In base 12, what is 65 - 15?
50
In base 3, what is 111 - -101121?
102002
In base 5, what is 14 + 404?
423
In base 2, what is -1000001111 + -101?
-1000010100
In base 13, wh